- 2*l - 17. Determine j(-6).
-329
Let x(g) = 55*g + 11. Calculate x(-1).
-44
Let x(t) = 10850*t - 32543. Determine x(3).
7
Let i(t) = t**3 - 52*t**2 - 119*t + 595. What is i(54)?
1
Let j(h) = 132*h**2 + 14*h - 25. What is j(2)?
531
Let g(q) = 379*q**2 - 16296*q - 46. Give g(43).
-3
Let q(d) = -d**3 + 49*d**2 - 14*d + 211. Give q(49).
-475
Let x(v) = 6*v - 40. Give x(-29).
-214
Let q(z) = -26*z**2 + 1927*z - 216. Give q(74).
6
Let z(f) = -f**3 + 3*f**2 - 3*f + 5. Determine z(0).
5
Let c(w) = 20*w**2 + 2*w + 6. Give c(2).
90
Let u(h) = -3*h - 309. Give u(-30).
-219
Let v(n) = 293*n**2 - 41*n + 39. Calculate v(1).
291
Let m(y) = 2629*y - 23682. What is m(9)?
-21
Let l(u) = -u**3 + 39*u**2 - 156*u + 576. Give l(35).
16
Let x(i) = i**3 + 8*i**2 - 46*i + 51. What is x(3)?
12
Let x(m) = 135*m + 290. What is x(-5)?
-385
Let s(i) = -i**3 + 47*i**2 - 134*i + 107. Calculate s(44).
19
Let h(j) = 13*j**2 - 123*j + 16. Give h(9).
-38
Let u(w) = 2*w**3 + 8*w**2 - 16*w - 22. Calculate u(-4).
42
Let l(v) = -v**3 + 28*v**2 - 27*v - 17. Calculate l(27).
-17
Let h(c) = 20*c + 439. Calculate h(-11).
219
Let t(a) = 99*a**2 - 60*a - 60. Calculate t(-1).
99
Let i(l) = 7*l**3 - 178*l**2 + 75*l + 1. Calculate i(25).
1
Let z(l) = l**3 - 62*l**2 - 65*l + 133. Determine z(63).
7
Let n(s) = s**3 + 4*s**2 - 20*s + 9. What is n(-7)?
2
Let h(i) = 2*i**2 + 3*i - 14. Give h(7).
105
Let z(i) = -1115*i**2 - 5568*i + 31. What is z(-5)?
-4
Let h(d) = d**2 - 71*d + 807. Give h(57).
9
Let s(c) = c**2 + 273*c - 3493. Determine s(13).
225
Let q(v) = v**2 + 240*v - 10234. Determine q(37).
15
Let j(w) = -w**3 - 7*w**2 + 4*w + 21. Calculate j(-6).
-39
Let p(q) = 50*q - 1002. What is p(21)?
48
Let g(p) = -199*p - 1803. What is g(-9)?
-12
Let q(p) = -2*p**3 - 89*p**2 + 329*p - 346. Calculate q(-48).
-10
Let t(w) = -8*w - 11. Give t(6).
-59
Let f(p) = -76*p - 496. Calculate f(-15).
644
Let m(d) = -3*d**3 + 2*d**2 + 13*d + 11. What is m(-2)?
17
Let r(m) = -214*m - 39. What is r(-1)?
175
Let x(a) = -1945*a - 33069. What is x(-17)?
-4
Let q(l) = 2*l**2 - 103*l - 384. Determine q(56).
120
Let h(o) = 141*o + 1370. Calculate h(-12).
-322
Let k(o) = o**3 + 11*o**2 - 12*o + 20. Determine k(-12).
20
Let v(x) = -1596*x - 9562. What is v(-6)?
14
Let p(w) = -65*w**2 + 92*w - 187. What is p(2)?
-263
Let k(m) = -2*m**2 + 140*m + 3624. Give k(90).
24
Let o(j) = j**3 - 16*j**2 + 26*j + 13. What is o(14)?
-15
Let v(w) = -w**2 - 1903*w - 18928. Determine v(-10).
2
Let c(u) = u**3 - 31*u**2 + 30*u - 68. Calculate c(30).
-68
Let r(q) = 6*q**3 + 16*q**2 - 7*q - 27. Calculate r(-3).
-24
Let h(d) = -274*d - 3869. Determine h(-14).
-33
Let d(b) = -2*b**3 - 14*b**2 - 37*b - 20. What is d(-3)?
19
Let v(g) = 47*g**3 + 8*g**2 + 16*g + 8. Calculate v(-1).
-47
Let r(w) = -83*w + 735. What is r(7)?
154
Let l(t) = 3*t**2 - 24*t - 22. Calculate l(9).
5
Let o(g) = -g**2 + 34*g - 138. Determine o(30).
-18
Let m(q) = q**2 - 20*q - 70. Calculate m(-3).
-1
Let k(f) = f**3 + 11*f**2 - 177*f - 69. Determine k(9).
-42
Let g(f) = -f**2 - 31*f - 193. Calculate g(-23).
-9
Let j(m) = -m**3 + 22*m**2 + 27*m + 470. What is j(24)?
-34
Let i(d) = -2*d**2 + 4*d + 797. Calculate i(21).
-1
Let f(c) = -13759*c - 96311. What is f(-7)?
2
Let b(x) = -3*x**3 - 35*x**2 + 14*x + 42. What is b(-12)?
18
Let f(i) = -139*i + 2827. Determine f(20).
47
Let p(k) = -3*k**3 - 174*k**2 + 8*k + 472. What is p(-58)?
8
Let t(j) = -15*j**2 - 39*j + 55. What is t(-4)?
-29
Let a(b) = -17*b**2 + 54*b - 17. Determine a(3).
-8
Let o(a) = -2*a**3 - 59*a**2 + 28*a - 40. Give o(-30).
20
Let l(u) = 28*u + 220. Give l(13).
584
Let n(d) = -37*d**2 + 371*d + 14. Calculate n(10).
24
Let c(j) = 23*j + 95. Give c(-10).
-135
Let w(t) = t**2 - 44*t - 254. Calculate w(-5).
-9
Let z(l) = -l**2 + 26*l - 53. Calculate z(9).
100
Let i(f) = 50*f - 204. Give i(4).
-4
Let p(v) = -v**3 + 8*v**2 + 18*v - 103. Give p(6).
77
Let h(y) = 517*y**2 + 1043*y + 12. Calculate h(-2).
-6
Let f(y) = -6*y**2 - 18*y + 79. Calculate f(2).
19
Let b(d) = 7*d**3 - 91*d**2 + 3*d - 32. Give b(13).
7
Let r(z) = z**3 + 14*z**2 + 18*z - 25. What is r(-12)?
47
Let r(u) = -19*u + 974. Give r(51).
5
Let i(g) = -7*g**2 - 213*g - 35. Calculate i(-30).
55
Let l(h) = h**3 - 16*h**2 - 12*h + 394. Give l(15).
-11
Let l(i) = -83*i - 547. What is l(-8)?
117
Let t(u) = u**3 - 18*u**2 + 30*u + 39. Give t(16).
7
Let f(i) = 177*i + 1197. Calculate f(-7).
-42
Let r(k) = -k**2 - k + 8. Determine r(-8).
-48
Let o(r) = 17*r + 863. Give o(-35).
268
Let r(b) = 33*b + 361. Calculate r(-11).
-2
Let o(q) = 9*q**2 + 810*q - 2439. Calculate o(3).
72
Let v(x) = -3*x**2 + 52*x + 4. Give v(20).
-156
Let o(y) = -396*y - 3962. Determine o(-10).
-2
Let v(s) = 2*s**2 + 29*s + 51. Determine v(-3).
-18
Let q(w) = -w**3 - 55*w**2 + 113*w - 57. Calculate q(-57).
0
Let d(r) = 29*r + 102. Give d(-5).
-43
Let h(b) = -b**2 + 3*b + 353. Give h(20).
13
Let m(n) = -5*n**3 - 61*n**2 - 130*n + 125. Calculate m(-9).
-1
Let j(k) = k**3 - 69*k - 107. Determine j(-9).
-215
Let l(i) = -2*i**2 - 207*i + 6692. What is l(26)?
-42
Let q(n) = n**3 + 25*n**2 - 31*n + 13. Give q(-27).
-608
Let o(l) = 40*l**2 + 18*l + 1. Give o(-1).
23
Let u(y) = -2*y**2 + 20*y + 10. Give u(-4).
-102
Let u(h) = -h**3 - 17*h**2 - 15*h - 29. Give u(-16).
-45
Let t(o) = -o**3 + 4*o**2 - 61*o + 430. What is t(6)?
-8
Let o(t) = -t**2 - 44602*t - 312172. Determine o(-7).
-7
Let s(y) = 7*y**2 - 395*y - 396. Determine s(-1).
6
Let o(w) = -10*w**2 - 161*w + 4. Determine o(-16).
20
Let c(j) = -286*j + 941. Calculate c(5).
-489
Let d(u) = 321*u - 109. What is d(-2)?
-751
Let z(v) = 26*v**2 - 3*v + 1. Give z(-1).
30
Let l(q) = -39*q - 363. Calculate l(-11).
66
Let i(g) = g**2 - 34*g + 36. Give i(25).
-189
Let a(r) = r**3 + 35*r**2 + 94*r - 6. Calculate a(-32).
58
Let m(n) = 8*n + 457. Determine m(-58).
-7
Let a(d) = 209*d - 26956. Give a(129).
5
Let c(m) = -10*m**3 - m**2 + 4*m + 4. Determine c(-1).
9
Let h(u) = -u**3 + 14*u**2 + 5*u - 82. Calculate h(14).
-12
Let g(j) = 3*j**3 - 3*j**2 + 32*j + 67. What is g(-2)?
-33
Let v(m) = 4*m**3 - 6*m**2 - 6*m + 1. Give v(2).
-3
Let a(f) = -643*f - 941. Determine a(-1).
-298
Let c(t) = -t**3 + 4*t**2 - 4*t - 18. Calculate c(4).
-34
Let n(b) = -8*b**2 - 77*b + 292. Determine n(-12).
64
Let p(g) = -346*g - 3464. Give p(-10).
-4
Let i(f) = f**3 + 223*f**2 - 4*f - 914. Give i(-223).
-22
Let q(p) = -607*p + 40066. Calculate q(66).
4
Let c(x) = 5*x**2 - 15*x - 128. What is c(-4)?
12
Let d(v) = -123*v + 5166. Calculate d(42).
0
Let h(i) = -2*i**2 - 104*i - 547. Give h(-6).
5
Let v(y) = -y**3 - 9*y**2 - 30*y - 7. Determine v(-6).
65
Let f(s) = 25*s + 841. What is f(-30)?
91
Let h(q) = q**3 - 27*q**2 + 51*q - 31. Give h(25).
-6
Let p(w) = 112*w + 7167. Give p(-64).
-1
Let d(l) = 2*l**2 + 79*l - 8. Give d(-39).
-47
Let m(a) = a**2 + 19*a - 87. Calculate m(-22).
-21
Let u(w) = w**3 + 22*w**2 + 26*w + 77. Determine u(-21).
-28
Let s(a) = a**2 + 72*a + 1134. Calculate s(-23).
7
Let j(y) = -2*y**2 + 3*y + 3. Determine j(-2).
-11
Let w(m) = 305*m + 2438. Calculate w(-8).
-2
Let f(x) = 79*x - 797. Calculate f(10).
-7
Let r(y) = 3*y**2 + 9*y + 3. Calculate r(3).
57
Let u(d) = -35*d. Give u(5).
-175
Let d(k) = 23*k + 125. Calculate d(-6).
-13
Let v(x) = 6*x**3 + 204*x**2 + 5*x + 160. Give v(-34).
-10
Let l(r) = -31*r**3 - 464*r**2 + 27*r + 188. Calculate l(-15).
8
Let i(s) = s**3 - 125*s**2 - 380*s + 1. Determine i(-3).
-11
Let z(y) = 223*y - 1793. Give z(8).
-9
Let f(x) = 358*x - 2160. What is f(6)?
-12
Let a(b) = 31*b**2 + 932*b + 14. What is a(-30)?
-46
Let z(n) = 28*n + 615. Give z(-48).
-729
Let l(q) = q**2 + 287*q + 9880. What is l(-40)?
0
Let n(q) = -91*q + 29. Determine n(2).
-153
Let g(t) = 180*t + 502. Determine g(-3).
-38
Let h(y) = 63*y**2 - 759*y - 5. Calculate h(12).
-41
Let i(q) = 17*q + 313. Calculate i(-34).
-265
Let y(c) = 2*c**2 - 45*c - 1660. Calculate y(-19).
-83
Let w(d) = -16*d**3 + 5*d**2 - 4*d + 2. Determine w(3).
-397
Let h(x) = -410*x + 2117. Calculate h(5).
67
Let h(n) = n**2 - 329*n + 9747. Give h(33).
-21
Let a(i) = 12*i**2 - 64*i - 25. Determine a(6).
23
Let j(d) = d**3 + 5*d**2 + 35*d + 23. Give j(-7).
-320
Let v(l) = -l**3 - 15*l**2 - 7*l - 40. Determine v(-15).
65
Let v(p) = -3*p**2 + 45*p + 211. What is v(18)?
49
Let u(t) = 17*t - 65. C